{"id":131,"date":"2015-05-07T13:34:06","date_gmt":"2015-05-07T12:34:06","guid":{"rendered":"http:\/\/www.fermedorlou.be\/wp\/?page_id=131"},"modified":"2017-11-25T18:19:26","modified_gmt":"2017-11-25T17:19:26","slug":"le-restaurant","status":"publish","type":"page","link":"http:\/\/www.fermedorlou.be\/wp\/?page_id=131","title":{"rendered":"Le Restaurant"},"content":{"rendered":"<p>Bienvenue \u00e0 tous pour d\u00e9guster nos produits frais de qualit\u00e9.<\/p>\n<p>Le restaurant est ouvert uniquement sur r\u00e9servation &#8211; pour les groupes, anniversaires, communions, &#8230; (min. 12 couverts) &#8211; au 068 44 83 06 Merci<\/p>\n<p><a href=\"mailto:wodecq@fermedorlou.be\">wodecq {a} fermedorlou.be<\/a><\/p>\n","protected":false},"excerpt":{"rendered":"<p>Bienvenue \u00e0 tous pour d\u00e9guster nos produits frais de qualit\u00e9. Le restaurant est ouvert uniquement sur r\u00e9servation &#8211; pour les groupes, anniversaires, communions, &#8230; (min. 12 couverts) &#8211; au 068 44 83 06 Merci wodecq {a} fermedorlou.be<\/p>\n","protected":false},"author":74125,"featured_media":0,"parent":0,"menu_order":3,"comment_status":"closed","ping_status":"closed","template":"","meta":{"footnotes":""},"class_list":["post-131","page","type-page","status-publish","hentry"],"_links":{"self":[{"href":"http:\/\/www.fermedorlou.be\/wp\/index.php?rest_route=\/wp\/v2\/pages\/131","targetHints":{"allow":["GET"]}}],"collection":[{"href":"http:\/\/www.fermedorlou.be\/wp\/index.php?rest_route=\/wp\/v2\/pages"}],"about":[{"href":"http:\/\/www.fermedorlou.be\/wp\/index.php?rest_route=\/wp\/v2\/types\/page"}],"author":[{"embeddable":true,"href":"http:\/\/www.fermedorlou.be\/wp\/index.php?rest_route=\/wp\/v2\/users\/74125"}],"replies":[{"embeddable":true,"href":"http:\/\/www.fermedorlou.be\/wp\/index.php?rest_route=%2Fwp%2Fv2%2Fcomments&post=131"}],"version-history":[{"count":13,"href":"http:\/\/www.fermedorlou.be\/wp\/index.php?rest_route=\/wp\/v2\/pages\/131\/revisions"}],"predecessor-version":[{"id":216,"href":"http:\/\/www.fermedorlou.be\/wp\/index.php?rest_route=\/wp\/v2\/pages\/131\/revisions\/216"}],"wp:attachment":[{"href":"http:\/\/www.fermedorlou.be\/wp\/index.php?rest_route=%2Fwp%2Fv2%2Fmedia&parent=131"}],"curies":[{"name":"wp","href":"https:\/\/api.w.org\/{rel}","templated":true}]}}

<p>Bienvenue à tous pour déguster nos produits frais de qualité.</p>
<p>Le restaurant est ouvert uniquement sur réservation &#8211; pour les groupes, anniversaires, communions, &#8230; (min. 12 couverts) &#8211; au 068 44 83 06 Merci</p>
<p><a href="mailto:wodecq@fermedorlou.be">wodecq {a} fermedorlou.be</a></p>

<p>Bienvenue à tous pour déguster nos produits frais de qualité. Le restaurant est ouvert uniquement sur réservation &#8211; pour les groupes, anniversaires, communions, &#8230; (min. 12 couverts) &#8211; au 068 44 83 06 Merci wodecq {a} fermedorlou.be</p>
