{"id":27,"date":"2014-10-23T15:44:40","date_gmt":"2014-10-23T14:44:40","guid":{"rendered":"http:\/\/www.fermedorlou.be\/wp\/?page_id=27"},"modified":"2026-03-07T11:58:47","modified_gmt":"2026-03-07T10:58:47","slug":"magasin-wodecq","status":"publish","type":"page","link":"http:\/\/www.fermedorlou.be\/wp\/?page_id=27","title":{"rendered":"Magasin Wodecq"},"content":{"rendered":"<p>&nbsp;<\/p>\n<p><a href=\"http:\/\/www.fermedorlou.be\/wp\/wp-content\/uploads\/2014\/10\/magasin-wodecq.jpg\"><img loading=\"lazy\" decoding=\"async\" class=\" wp-image-145\" src=\"http:\/\/www.fermedorlou.be\/wp\/wp-content\/uploads\/2014\/10\/magasin-wodecq.jpg\" alt=\"b\" width=\"343\" height=\"245\" srcset=\"http:\/\/www.fermedorlou.be\/wp\/wp-content\/uploads\/2014\/10\/magasin-wodecq.jpg 480w, http:\/\/www.fermedorlou.be\/wp\/wp-content\/uploads\/2014\/10\/magasin-wodecq-300x214.jpg 300w\" sizes=\"auto, (max-width: 343px) 100vw, 343px\" \/><\/a><\/p>\n<p><strong>Magasin \u00e0 la ferme: Vieux moulin 48, 7890 Wodecq <\/strong><strong>:<br \/>\n<\/strong><strong>tel : 068\/448306\u00a0&#8211; fax : 068\/456643 &#8211;\u00a0<a href=\"mailto:wodecq@fermedorlou.be\">wodecq@fermedorlou.be<\/a>\u00a0 <\/strong><\/p>\n<p>Heures d&rsquo;ouverture<br \/>\nMardi de 14h \u00e0 18h<br \/>\nMercredi de 14h \u00e0 18h<br \/>\nJeudi de 14h \u00e0 18h<br \/>\nVendredi de 10h \u00e0 13h et de 14h \u00e0 19h<br \/>\nSamedi de 09h \u00e0 13h<\/p>\n<p><strong><a href=\"http:\/\/www.fermedorlou.be\/wp\/wp-content\/uploads\/2026\/03\/2026_Liste-produits-prix-Magasin-site-Bioman-Hennuyeres-Virginal.pdf\">Vous pouvez t\u00e9l\u00e9charger ici notre bon de commande de produits fermiers (mise \u00e0 jour du 07\/03\/2026)<\/a><br \/>\n<\/strong><\/p>\n<div id='gallery-1' class='gallery galleryid-27 gallery-columns-3 gallery-size-thumbnail'><figure class='gallery-item'>\n\t\t\t<div class='gallery-icon landscape'>\n\t\t\t\t<a href='http:\/\/www.fermedorlou.be\/wp\/?attachment_id=442'><img loading=\"lazy\" decoding=\"async\" width=\"150\" height=\"150\" src=\"http:\/\/www.fermedorlou.be\/wp\/wp-content\/uploads\/2020\/02\/20190222_1126161-150x150.jpg\" class=\"attachment-thumbnail size-thumbnail\" alt=\"\" \/><\/a>\n\t\t\t<\/div><\/figure><figure class='gallery-item'>\n\t\t\t<div class='gallery-icon landscape'>\n\t\t\t\t<a href='http:\/\/www.fermedorlou.be\/wp\/?attachment_id=443'><img loading=\"lazy\" decoding=\"async\" width=\"150\" height=\"150\" src=\"http:\/\/www.fermedorlou.be\/wp\/wp-content\/uploads\/2020\/02\/20190222_1126371-150x150.jpg\" class=\"attachment-thumbnail size-thumbnail\" alt=\"\" \/><\/a>\n\t\t\t<\/div><\/figure><figure class='gallery-item'>\n\t\t\t<div class='gallery-icon landscape'>\n\t\t\t\t<a href='http:\/\/www.fermedorlou.be\/wp\/?attachment_id=444'><img loading=\"lazy\" decoding=\"async\" width=\"150\" height=\"150\" src=\"http:\/\/www.fermedorlou.be\/wp\/wp-content\/uploads\/2020\/02\/20190222_1127011-150x150.jpg\" class=\"attachment-thumbnail size-thumbnail\" alt=\"\" \/><\/a>\n\t\t\t<\/div><\/figure><figure class='gallery-item'>\n\t\t\t<div class='gallery-icon landscape'>\n\t\t\t\t<a href='http:\/\/www.fermedorlou.be\/wp\/?attachment_id=445'><img loading=\"lazy\" decoding=\"async\" width=\"150\" height=\"150\" src=\"http:\/\/www.fermedorlou.be\/wp\/wp-content\/uploads\/2020\/02\/20190222_1148301-150x150.jpg\" class=\"attachment-thumbnail size-thumbnail\" alt=\"\" \/><\/a>\n\t\t\t<\/div><\/figure><figure class='gallery-item'>\n\t\t\t<div class='gallery-icon landscape'>\n\t\t\t\t<a href='http:\/\/www.fermedorlou.be\/wp\/?attachment_id=383'><img loading=\"lazy\" decoding=\"async\" width=\"150\" height=\"150\" src=\"http:\/\/www.fermedorlou.be\/wp\/wp-content\/uploads\/2019\/03\/fd-150x150.jpg\" class=\"attachment-thumbnail size-thumbnail\" alt=\"\" \/><\/a>\n\t\t\t<\/div><\/figure><figure class='gallery-item'>\n\t\t\t<div class='gallery-icon landscape'>\n\t\t\t\t<a href='http:\/\/www.fermedorlou.be\/wp\/?attachment_id=95'><img loading=\"lazy\" decoding=\"async\" width=\"150\" height=\"150\" src=\"http:\/\/www.fermedorlou.be\/wp\/wp-content\/uploads\/2014\/10\/1-150x150.jpg\" class=\"attachment-thumbnail size-thumbnail\" alt=\"\" \/><\/a>\n\t\t\t<\/div><\/figure>\n\t\t<\/div>\n\n","protected":false},"excerpt":{"rendered":"<p>&nbsp; Magasin \u00e0 la ferme: Vieux moulin 48, 7890 Wodecq : tel : 068\/448306\u00a0&#8211; fax : 068\/456643 &#8211;\u00a0wodecq@fermedorlou.be\u00a0 Heures d&rsquo;ouverture Mardi de 14h \u00e0 18h Mercredi de 14h \u00e0 18h Jeudi de 14h \u00e0 18h Vendredi de 10h \u00e0 13h et de 14h \u00e0 19h Samedi de 09h \u00e0 13h Vous pouvez t\u00e9l\u00e9charger ici notre &hellip; <a href=\"http:\/\/www.fermedorlou.be\/wp\/?page_id=27\" class=\"more-link\">Continuer la lecture de <span class=\"screen-reader-text\">Magasin Wodecq<\/span> <span class=\"meta-nav\">&rarr;<\/span><\/a><\/p>\n","protected":false},"author":74125,"featured_media":0,"parent":32,"menu_order":1,"comment_status":"closed","ping_status":"closed","template":"","meta":{"footnotes":""},"class_list":["post-27","page","type-page","status-publish","hentry"],"_links":{"self":[{"href":"http:\/\/www.fermedorlou.be\/wp\/index.php?rest_route=\/wp\/v2\/pages\/27","targetHints":{"allow":["GET"]}}],"collection":[{"href":"http:\/\/www.fermedorlou.be\/wp\/index.php?rest_route=\/wp\/v2\/pages"}],"about":[{"href":"http:\/\/www.fermedorlou.be\/wp\/index.php?rest_route=\/wp\/v2\/types\/page"}],"author":[{"embeddable":true,"href":"http:\/\/www.fermedorlou.be\/wp\/index.php?rest_route=\/wp\/v2\/users\/74125"}],"replies":[{"embeddable":true,"href":"http:\/\/www.fermedorlou.be\/wp\/index.php?rest_route=%2Fwp%2Fv2%2Fcomments&post=27"}],"version-history":[{"count":47,"href":"http:\/\/www.fermedorlou.be\/wp\/index.php?rest_route=\/wp\/v2\/pages\/27\/revisions"}],"predecessor-version":[{"id":684,"href":"http:\/\/www.fermedorlou.be\/wp\/index.php?rest_route=\/wp\/v2\/pages\/27\/revisions\/684"}],"up":[{"embeddable":true,"href":"http:\/\/www.fermedorlou.be\/wp\/index.php?rest_route=\/wp\/v2\/pages\/32"}],"wp:attachment":[{"href":"http:\/\/www.fermedorlou.be\/wp\/index.php?rest_route=%2Fwp%2Fv2%2Fmedia&parent=27"}],"curies":[{"name":"wp","href":"https:\/\/api.w.org\/{rel}","templated":true}]}}

<p>&nbsp;</p>
<p><a href="http://www.fermedorlou.be/wp/wp-content/uploads/2014/10/magasin-wodecq.jpg"><img loading="lazy" decoding="async" class=" wp-image-145" src="http://www.fermedorlou.be/wp/wp-content/uploads/2014/10/magasin-wodecq.jpg" alt="b" width="343" height="245" srcset="http://www.fermedorlou.be/wp/wp-content/uploads/2014/10/magasin-wodecq.jpg 480w, http://www.fermedorlou.be/wp/wp-content/uploads/2014/10/magasin-wodecq-300x214.jpg 300w" sizes="auto, (max-width: 343px) 100vw, 343px" /></a></p>
<p><strong>Magasin à la ferme: Vieux moulin 48, 7890 Wodecq </strong><strong>:<br />
</strong><strong>tel : 068/448306 &#8211; fax : 068/456643 &#8211; <a href="mailto:wodecq@fermedorlou.be">wodecq@fermedorlou.be</a>  </strong></p>
<p>Heures d&rsquo;ouverture<br />
Mardi de 14h à 18h<br />
Mercredi de 14h à 18h<br />
Jeudi de 14h à 18h<br />
Vendredi de 10h à 13h et de 14h à 19h<br />
Samedi de 09h à 13h</p>
<p><strong><a href="http://www.fermedorlou.be/wp/wp-content/uploads/2026/03/2026_Liste-produits-prix-Magasin-site-Bioman-Hennuyeres-Virginal.pdf">Vous pouvez télécharger ici notre bon de commande de produits fermiers (mise à jour du 07/03/2026)</a><br />
</strong></p>
<div id='gallery-1' class='gallery galleryid-27 gallery-columns-3 gallery-size-thumbnail'><figure class='gallery-item'>
			<div class='gallery-icon landscape'>
				<a href='http://www.fermedorlou.be/wp/?attachment_id=442'><img loading="lazy" decoding="async" width="150" height="150" src="http://www.fermedorlou.be/wp/wp-content/uploads/2020/02/20190222_1126161-150x150.jpg" class="attachment-thumbnail size-thumbnail" alt="" /></a>
			</div></figure><figure class='gallery-item'>
			<div class='gallery-icon landscape'>
				<a href='http://www.fermedorlou.be/wp/?attachment_id=443'><img loading="lazy" decoding="async" width="150" height="150" src="http://www.fermedorlou.be/wp/wp-content/uploads/2020/02/20190222_1126371-150x150.jpg" class="attachment-thumbnail size-thumbnail" alt="" /></a>
			</div></figure><figure class='gallery-item'>
			<div class='gallery-icon landscape'>
				<a href='http://www.fermedorlou.be/wp/?attachment_id=444'><img loading="lazy" decoding="async" width="150" height="150" src="http://www.fermedorlou.be/wp/wp-content/uploads/2020/02/20190222_1127011-150x150.jpg" class="attachment-thumbnail size-thumbnail" alt="" /></a>
			</div></figure><figure class='gallery-item'>
			<div class='gallery-icon landscape'>
				<a href='http://www.fermedorlou.be/wp/?attachment_id=445'><img loading="lazy" decoding="async" width="150" height="150" src="http://www.fermedorlou.be/wp/wp-content/uploads/2020/02/20190222_1148301-150x150.jpg" class="attachment-thumbnail size-thumbnail" alt="" /></a>
			</div></figure><figure class='gallery-item'>
			<div class='gallery-icon landscape'>
				<a href='http://www.fermedorlou.be/wp/?attachment_id=383'><img loading="lazy" decoding="async" width="150" height="150" src="http://www.fermedorlou.be/wp/wp-content/uploads/2019/03/fd-150x150.jpg" class="attachment-thumbnail size-thumbnail" alt="" /></a>
			</div></figure><figure class='gallery-item'>
			<div class='gallery-icon landscape'>
				<a href='http://www.fermedorlou.be/wp/?attachment_id=95'><img loading="lazy" decoding="async" width="150" height="150" src="http://www.fermedorlou.be/wp/wp-content/uploads/2014/10/1-150x150.jpg" class="attachment-thumbnail size-thumbnail" alt="" /></a>
			</div></figure>
		</div>

<p>&nbsp; Magasin à la ferme: Vieux moulin 48, 7890 Wodecq : tel : 068/448306 &#8211; fax : 068/456643 &#8211; wodecq@fermedorlou.be  Heures d&rsquo;ouverture Mardi de 14h à 18h Mercredi de 14h à 18h Jeudi de 14h à 18h Vendredi de 10h à 13h et de 14h à 19h Samedi de 09h à 13h Vous pouvez télécharger ici notre &hellip; <a href="http://www.fermedorlou.be/wp/?page_id=27" class="more-link">Continuer la lecture de <span class="screen-reader-text">Magasin Wodecq</span> <span class="meta-nav">&rarr;</span></a></p>
