{"id":393,"date":"2019-03-27T08:15:23","date_gmt":"2019-03-27T07:15:23","guid":{"rendered":"http:\/\/www.fermedorlou.be\/wp\/?page_id=393"},"modified":"2026-04-03T08:15:45","modified_gmt":"2026-04-03T07:15:45","slug":"journee-ferme-ouverte","status":"publish","type":"page","link":"http:\/\/www.fermedorlou.be\/wp\/","title":{"rendered":"Bienvenue au D\u00f4rlo\u00fb !"},"content":{"rendered":"<div class=\"\" data-block=\"true\" data-editor=\"30jle\" data-offset-key=\"e02l0-0-0\">\n<div class=\"_1mf _1mj\" data-offset-key=\"e02l0-0-0\"><span data-offset-key=\"e02l0-0-0\"><span data-offset-key=\"e02l0-0-0\"><span data-offset-key=\"e02l0-0-0\"><span style=\"font-size: 14pt;\"><strong>Quoi de neuf au Dorlo\u00fb ?<\/strong><\/span><\/span><\/span><\/span><\/div>\n<ul>\n<li data-offset-key=\"e02l0-0-0\">Notre camping \u00e0 la ferme ouvre sa nouvelle saison ! Nous vous accuei<a href=\"http:\/\/www.fermedorlou.be\/wp\/wp-content\/uploads\/2026\/03\/292448750_5504193176297872_8138644140409355800_n.jpg\"><img loading=\"lazy\" decoding=\"async\" class=\"wp-image-686 alignright\" src=\"http:\/\/www.fermedorlou.be\/wp\/wp-content\/uploads\/2026\/03\/292448750_5504193176297872_8138644140409355800_n-768x1024.jpg\" alt=\"\" width=\"196\" height=\"262\" srcset=\"http:\/\/www.fermedorlou.be\/wp\/wp-content\/uploads\/2026\/03\/292448750_5504193176297872_8138644140409355800_n-768x1024.jpg 768w, http:\/\/www.fermedorlou.be\/wp\/wp-content\/uploads\/2026\/03\/292448750_5504193176297872_8138644140409355800_n-225x300.jpg 225w, http:\/\/www.fermedorlou.be\/wp\/wp-content\/uploads\/2026\/03\/292448750_5504193176297872_8138644140409355800_n-1152x1536.jpg 1152w, http:\/\/www.fermedorlou.be\/wp\/wp-content\/uploads\/2026\/03\/292448750_5504193176297872_8138644140409355800_n.jpg 1500w\" sizes=\"auto, (max-width: 196px) 100vw, 196px\" \/><\/a>llons avec plaisir jusque mi-octobre avec votre tente, camping-car, yourte ou tout autre logement mobile ! Merci de bien vouloir r\u00e9server votre emplacement par mail (wodecq at fermedrolou.be) ou t\u00e9l\u00e9phone : 068 448 306.<\/li>\n<li data-offset-key=\"e02l0-0-0\">Depuis la mi-mars, nous accueillons des stages \u00e0 la ferme pour enfants et adultes (en vannerie, notamment). Suivez nos \u00e9v\u00e9nements et actualit\u00e9s sur notre page Facebook : https:\/\/fr-fr.facebook.com\/fermedorlou\/<\/li>\n<\/ul>\n<div class=\"_1mf _1mj\" data-offset-key=\"e02l0-0-0\"><span style=\"font-size: 14pt;\"><strong>Nos produits \u00e0 Bruxelles et ailleurs<\/strong><\/span><br \/>\n<span style=\"font-family: verdana, geneva, sans-serif; font-size: 10pt;\">-&gt; nous livrons les GASAP de Schaerbeek et Rhode-st-Gen\u00e8se tous les 15 jours (<a href=\"https:\/\/www.gasap.be\">https:\/\/www.gasap.be<\/a>)<\/span><br \/>\n<span style=\"font-family: verdana, geneva, sans-serif; font-size: 10pt;\">-&gt; nous effectuons une livraison mensuelle \u00e0 Kom \u00e0 la maison (Etterbeek), ainsi qu&rsquo;\u00e0 Tournai. Un simple courriel \u00e0 wodecq AT fermedorlou.be suffit pour \u00eatre ajout\u00e9 \u00e0 la liste \ud83d\ude42<\/span><br \/>\n<span style=\"font-family: verdana, geneva, sans-serif; font-size: 10pt;\">-&gt; nos viandes, lasagnes et autres produits-phares sont depuis peu distribu\u00e9es chez Bio-Vrac \u00e0 Uccle (<a href=\"https:\/\/www.bio-vrac.be\">https:\/\/www.bio-vrac.be<\/a>)<\/span><\/div>\n<\/div>\n","protected":false},"excerpt":{"rendered":"<p>Quoi de neuf au Dorlo\u00fb ? Notre camping \u00e0 la ferme ouvre sa nouvelle saison ! Nous vous accueillons avec plaisir jusque mi-octobre avec votre tente, camping-car, yourte ou tout autre logement mobile ! Merci de bien vouloir r\u00e9server votre emplacement par mail (wodecq at fermedrolou.be) ou t\u00e9l\u00e9phone : 068 448 306. Depuis la mi-mars, &hellip; <a href=\"http:\/\/www.fermedorlou.be\/wp\/\" class=\"more-link\">Continuer la lecture de <span class=\"screen-reader-text\">Bienvenue au D\u00f4rlo\u00fb !<\/span> <span class=\"meta-nav\">&rarr;<\/span><\/a><\/p>\n","protected":false},"author":74125,"featured_media":0,"parent":8,"menu_order":0,"comment_status":"closed","ping_status":"closed","template":"","meta":{"footnotes":""},"class_list":["post-393","page","type-page","status-publish","hentry"],"_links":{"self":[{"href":"http:\/\/www.fermedorlou.be\/wp\/index.php?rest_route=\/wp\/v2\/pages\/393","targetHints":{"allow":["GET"]}}],"collection":[{"href":"http:\/\/www.fermedorlou.be\/wp\/index.php?rest_route=\/wp\/v2\/pages"}],"about":[{"href":"http:\/\/www.fermedorlou.be\/wp\/index.php?rest_route=\/wp\/v2\/types\/page"}],"author":[{"embeddable":true,"href":"http:\/\/www.fermedorlou.be\/wp\/index.php?rest_route=\/wp\/v2\/users\/74125"}],"replies":[{"embeddable":true,"href":"http:\/\/www.fermedorlou.be\/wp\/index.php?rest_route=%2Fwp%2Fv2%2Fcomments&post=393"}],"version-history":[{"count":88,"href":"http:\/\/www.fermedorlou.be\/wp\/index.php?rest_route=\/wp\/v2\/pages\/393\/revisions"}],"predecessor-version":[{"id":690,"href":"http:\/\/www.fermedorlou.be\/wp\/index.php?rest_route=\/wp\/v2\/pages\/393\/revisions\/690"}],"up":[{"embeddable":true,"href":"http:\/\/www.fermedorlou.be\/wp\/index.php?rest_route=\/wp\/v2\/pages\/8"}],"wp:attachment":[{"href":"http:\/\/www.fermedorlou.be\/wp\/index.php?rest_route=%2Fwp%2Fv2%2Fmedia&parent=393"}],"curies":[{"name":"wp","href":"https:\/\/api.w.org\/{rel}","templated":true}]}}

Bienvenue au Dôrloû !

<div class="" data-block="true" data-editor="30jle" data-offset-key="e02l0-0-0">
<div class="_1mf _1mj" data-offset-key="e02l0-0-0"><span data-offset-key="e02l0-0-0"><span data-offset-key="e02l0-0-0"><span data-offset-key="e02l0-0-0"><span style="font-size: 14pt;"><strong>Quoi de neuf au Dorloû ?</strong></span></span></span></span></div>
<ul>
<li data-offset-key="e02l0-0-0">Notre camping à la ferme ouvre sa nouvelle saison ! Nous vous accuei<a href="http://www.fermedorlou.be/wp/wp-content/uploads/2026/03/292448750_5504193176297872_8138644140409355800_n.jpg"><img loading="lazy" decoding="async" class="wp-image-686 alignright" src="http://www.fermedorlou.be/wp/wp-content/uploads/2026/03/292448750_5504193176297872_8138644140409355800_n-768x1024.jpg" alt="" width="196" height="262" srcset="http://www.fermedorlou.be/wp/wp-content/uploads/2026/03/292448750_5504193176297872_8138644140409355800_n-768x1024.jpg 768w, http://www.fermedorlou.be/wp/wp-content/uploads/2026/03/292448750_5504193176297872_8138644140409355800_n-225x300.jpg 225w, http://www.fermedorlou.be/wp/wp-content/uploads/2026/03/292448750_5504193176297872_8138644140409355800_n-1152x1536.jpg 1152w, http://www.fermedorlou.be/wp/wp-content/uploads/2026/03/292448750_5504193176297872_8138644140409355800_n.jpg 1500w" sizes="auto, (max-width: 196px) 100vw, 196px" /></a>llons avec plaisir jusque mi-octobre avec votre tente, camping-car, yourte ou tout autre logement mobile ! Merci de bien vouloir réserver votre emplacement par mail (wodecq at fermedrolou.be) ou téléphone : 068 448 306.</li>
<li data-offset-key="e02l0-0-0">Depuis la mi-mars, nous accueillons des stages à la ferme pour enfants et adultes (en vannerie, notamment). Suivez nos événements et actualités sur notre page Facebook : https://fr-fr.facebook.com/fermedorlou/</li>
</ul>
<div class="_1mf _1mj" data-offset-key="e02l0-0-0"><span style="font-size: 14pt;"><strong>Nos produits à Bruxelles et ailleurs</strong></span><br />
<span style="font-family: verdana, geneva, sans-serif; font-size: 10pt;">-&gt; nous livrons les GASAP de Schaerbeek et Rhode-st-Genèse tous les 15 jours (<a href="https://www.gasap.be">https://www.gasap.be</a>)</span><br />
<span style="font-family: verdana, geneva, sans-serif; font-size: 10pt;">-&gt; nous effectuons une livraison mensuelle à Kom à la maison (Etterbeek), ainsi qu&rsquo;à Tournai. Un simple courriel à wodecq AT fermedorlou.be suffit pour être ajouté à la liste 🙂</span><br />
<span style="font-family: verdana, geneva, sans-serif; font-size: 10pt;">-&gt; nos viandes, lasagnes et autres produits-phares sont depuis peu distribuées chez Bio-Vrac à Uccle (<a href="https://www.bio-vrac.be">https://www.bio-vrac.be</a>)</span></div>
</div>

<p>Quoi de neuf au Dorloû ? Notre camping à la ferme ouvre sa nouvelle saison ! Nous vous accueillons avec plaisir jusque mi-octobre avec votre tente, camping-car, yourte ou tout autre logement mobile ! Merci de bien vouloir réserver votre emplacement par mail (wodecq at fermedrolou.be) ou téléphone : 068 448 306. Depuis la mi-mars, &hellip; <a href="http://www.fermedorlou.be/wp/" class="more-link">Continuer la lecture de <span class="screen-reader-text">Bienvenue au Dôrloû !</span> <span class="meta-nav">&rarr;</span></a></p>
