{"id":57,"date":"2014-11-14T13:35:24","date_gmt":"2014-11-14T12:35:24","guid":{"rendered":"http:\/\/www.fermedorlou.be\/wp\/?page_id=57"},"modified":"2021-05-11T15:15:06","modified_gmt":"2021-05-11T14:15:06","slug":"ferme-pedagogique","status":"publish","type":"page","link":"http:\/\/www.fermedorlou.be\/wp\/?page_id=57","title":{"rendered":"Ferme p\u00e9dagogique"},"content":{"rendered":"<p><strong class=\"messages error\">Accueil de groupes d&rsquo;enfants, d&rsquo;\u00e9tudiants, d&rsquo;adultes &#8230;<\/strong><\/p>\n<p style=\"text-align: left;\"><strong>Vers une visite \u00e9ducative \u00e0 la ferme biologique<br \/>\n<\/strong><span style=\"font-family: Arial,sans-serif;\"><span style=\"font-size: small;\">La ferme accueille tous types de groupes &#8211; \u00e0 partir de 3 ans &#8211; pour partir \u00e0 la d\u00e9couverte des animaux de la ferme et de leur mode de vie, du m\u00e9tier d&rsquo;agriculteur, de l&rsquo;agriculture biologique, de l&rsquo;origine et de la qualit\u00e9 de notre alimentation, du paysage agricole du pays des collines, de la transformation du lait et du bl\u00e9, du mara\u00eechage, du verger, &#8230;<\/span><\/span><\/p>\n<p align=\"LEFT\"><span style=\"font-family: Arial,sans-serif;\"><span style=\"font-size: small;\">Selon vos envies, vos objectifs, votre temps disponible et votre budget, diff\u00e9rentes possibilit\u00e9s s&rsquo;offrent \u00e0 vous\u00a0:<\/span><\/span><\/p>\n<ul>\n<li>\n<p align=\"LEFT\"><span style=\"font-family: Arial,sans-serif;\"><span style=\"font-size: small;\">visite de l&rsquo;ensemble de la ferme avec d\u00e9gustation de lait &#8211; 1h \u00e0 1h30<\/span><\/span><\/p>\n<\/li>\n<li>\n<p align=\"LEFT\"><span style=\"font-family: Arial,sans-serif;\"><span style=\"font-size: small;\">visite sensorielle avec soins aux animaux (nourrir les vaches laiti\u00e8res et les cochons, ramasser les \u0153ufs des poules, abreuver les lapins, &#8230;) et d\u00e9gustation de lait &#8211; 2h<\/span><\/span><\/p>\n<\/li>\n<li>\n<p align=\"LEFT\"><span style=\"font-family: Arial,sans-serif;\"><span style=\"font-size: small;\">visite avec d\u00e9monstration du cheminement et d\u00e9gustation &#8211; 2h : du champ au produit laitier (beurre, fromage frais) ou de la graine \u00e0 l&rsquo;assiette (pain)<\/span><\/span><\/p>\n<\/li>\n<li>\n<p align=\"LEFT\"><span style=\"font-family: Arial,sans-serif;\"><span style=\"font-size: small;\">atelier pratique en \u00e9quipes de 4 \u00e0 5 enfants &#8211; 1h : fabrication de produits laitiers ou fabrication de pain ou de biscuits selon les horaires de l&rsquo;animation<\/span><\/span><\/p>\n<\/li>\n<li>\n<p align=\"LEFT\"><span style=\"font-family: Arial,sans-serif;\"><span style=\"font-size: small;\">animations th\u00e9matiques \u00e0 la demande : agriculture biologique paysanne en circuit court, mara\u00eechage, plantes sauvages comestibles, verger, abeilles, &#8230;<\/span><\/span><\/p>\n<\/li>\n<\/ul>\n<p><span style=\"font-family: Arial,sans-serif;\"><span style=\"font-size: small;\">2 \u20ac \/ participant \/ heure de visite ou d&rsquo;animation (min. 15 &#8211; max. 24 participants par groupe)<br \/>\n<\/span><\/span><\/p>\n<p><span style=\"font-family: Arial,sans-serif;\"><span style=\"font-size: small;\">30 \u20ac \/ heure d&rsquo;activit\u00e9 si le groupe compte moins de 15 participants<br \/>\n<\/span><\/span><\/p>\n<p><span style=\"font-family: Arial,sans-serif;\"><span style=\"font-size: small;\">8 \u20ac \/ participant \/ journ\u00e9e \u00e0 la ferme (min. 15 &#8211; max. 24 participants par groupe) &#8211; 2 x 2h d&rsquo;activit\u00e9s<\/span><\/span><\/p>\n<p align=\"LEFT\"><span style=\"font-family: Arial,sans-serif;\"><span style=\"font-size: small;\">Nous avons la capacit\u00e9 d&rsquo;accueillir maximum 2 groupes simultan\u00e9ment (50 personnes)<\/span><\/span><\/p>\n<p align=\"LEFT\"><span style=\"font-family: Arial,sans-serif;\"><span style=\"font-size: small;\">Ce prix comprend l&rsquo;accueil et la prise en charge du groupe par une animatrice travaillant sur la ferme ou un animateur ext\u00e9rieur familiaris\u00e9 avec la ferme\u00a0; la mise \u00e0 disposition de sanitaires et d&rsquo;une grande salle pour le temps de pique-nique pour les groupes qui restent la journ\u00e9e, le mat\u00e9riel p\u00e9dagogique et les produits de la ferme ou alimentaires pour les d\u00e9gustations et ateliers.<\/span><\/span><\/p>\n<p align=\"LEFT\"><span style=\"font-family: Arial,sans-serif;\"><span style=\"font-size: small;\">A partir de 12 ans et pour un groupe de maximum 12 participants\u00a0: participation active aux travaux de la ferme (visite ou animation en matin\u00e9e d&rsquo;1h30 \u00e0 2h et chantier \u00e9quivalent en temps l&rsquo;apr\u00e8s-midi) &#8211; 30 \u20ac<\/span><\/span><\/p>\n<p><span style=\"font-family: Arial,sans-serif;\"><span style=\"font-size: small;\">Nous sommes particuli\u00e8rement exigeants sur l\u2019accompagnement dynamique, int\u00e9ress\u00e9, bienveillant et cadrant des enseignants ou accompagnateurs des groupes. <\/span><\/span><\/p>\n<p><span style=\"font-family: Arial,sans-serif;\"><span style=\"font-size: small;\">Situ\u00e9e dans le Pays des Collines, la ferme D\u00f4rlo\u00fb fonctionne en agriculture biologique depuis 1990. Ses exploitants, Freddy et Chantal Vander Donckt-Liagre, ont choisi de produire, transformer et proposer directement au consommateur le fruit de leur travail. La ferme \u00e9l\u00e8ve des vaches, des cochons, des lapins, des poules, des canards, quelques moutons, &#8230; Il y a aussi des vergers et du mara\u00eechage. Ces choix ont orient\u00e9 la r\u00e9affectation des anciens b\u00e2timents en un ensemble attrayant, source de communication avec le monde. La cour int\u00e9rieure, telle une place de village, est entour\u00e9e d&rsquo;une salle d&rsquo;accueil, d&rsquo;une boulangerie-p\u00e2tisserie, d&rsquo;une boucherie-charcuterie, d&rsquo;un magasin-\u00e9picerie, d&rsquo;un g\u00eete \u00e0 la ferme et du corps de logis. Un camping \u00e0 la ferme et l&rsquo;accueil de groupes compl\u00e8tent les activit\u00e9s d\u00e9velopp\u00e9es \u00e0 la ferme. Nous vous souhaitons une agr\u00e9able visite de notre site et esp\u00e9rons vous rencontrer un jour \u00e0 la ferme! <\/span><\/span><\/p>\n<p align=\"CENTER\"><span style=\"font-family: Arial,sans-serif;\"><span style=\"font-size: small;\"><b>Informations et r\u00e9servations<\/b><\/span><\/span><\/p>\n<p align=\"CENTER\"><span style=\"font-family: Arial,sans-serif;\"><span style=\"font-size: small;\"><b>068.44.83.06 &#8211; Chantal<br \/>\n<\/b><\/span><\/span><span style=\"font-family: Arial,sans-serif;\"><span style=\"font-size: small;\"><b><a href=\"mailto:wodecq@fermedorlou.be\">wodecq@fermedorlou.be<\/a><\/b><\/span><\/span><\/p>\n<p align=\"CENTER\"><strong><span style=\"font-family: Arial,sans-serif;\"><span style=\"font-size: small;\">Adresse : Vieux moulin 48, 7890 Wodecq<\/span><\/span><\/strong><\/p>\n<p>&nbsp;<\/p>\n","protected":false},"excerpt":{"rendered":"<p>Accueil de groupes d&rsquo;enfants, d&rsquo;\u00e9tudiants, d&rsquo;adultes &#8230; Vers une visite \u00e9ducative \u00e0 la ferme biologique La ferme accueille tous types de groupes &#8211; \u00e0 partir de 3 ans &#8211; pour partir \u00e0 la d\u00e9couverte des animaux de la ferme et de leur mode de vie, du m\u00e9tier d&rsquo;agriculteur, de l&rsquo;agriculture biologique, de l&rsquo;origine et de &hellip; <a href=\"http:\/\/www.fermedorlou.be\/wp\/?page_id=57\" class=\"more-link\">Continuer la lecture de <span class=\"screen-reader-text\">Ferme p\u00e9dagogique<\/span> <span class=\"meta-nav\">&rarr;<\/span><\/a><\/p>\n","protected":false},"author":74125,"featured_media":0,"parent":0,"menu_order":0,"comment_status":"closed","ping_status":"closed","template":"","meta":{"footnotes":""},"class_list":["post-57","page","type-page","status-publish","hentry"],"_links":{"self":[{"href":"http:\/\/www.fermedorlou.be\/wp\/index.php?rest_route=\/wp\/v2\/pages\/57","targetHints":{"allow":["GET"]}}],"collection":[{"href":"http:\/\/www.fermedorlou.be\/wp\/index.php?rest_route=\/wp\/v2\/pages"}],"about":[{"href":"http:\/\/www.fermedorlou.be\/wp\/index.php?rest_route=\/wp\/v2\/types\/page"}],"author":[{"embeddable":true,"href":"http:\/\/www.fermedorlou.be\/wp\/index.php?rest_route=\/wp\/v2\/users\/74125"}],"replies":[{"embeddable":true,"href":"http:\/\/www.fermedorlou.be\/wp\/index.php?rest_route=%2Fwp%2Fv2%2Fcomments&post=57"}],"version-history":[{"count":11,"href":"http:\/\/www.fermedorlou.be\/wp\/index.php?rest_route=\/wp\/v2\/pages\/57\/revisions"}],"predecessor-version":[{"id":537,"href":"http:\/\/www.fermedorlou.be\/wp\/index.php?rest_route=\/wp\/v2\/pages\/57\/revisions\/537"}],"wp:attachment":[{"href":"http:\/\/www.fermedorlou.be\/wp\/index.php?rest_route=%2Fwp%2Fv2%2Fmedia&parent=57"}],"curies":[{"name":"wp","href":"https:\/\/api.w.org\/{rel}","templated":true}]}}

Ferme pédagogique

<p><strong class="messages error">Accueil de groupes d&rsquo;enfants, d&rsquo;étudiants, d&rsquo;adultes &#8230;</strong></p>
<p style="text-align: left;"><strong>Vers une visite éducative à la ferme biologique<br />
</strong><span style="font-family: Arial,sans-serif;"><span style="font-size: small;">La ferme accueille tous types de groupes &#8211; à partir de 3 ans &#8211; pour partir à la découverte des animaux de la ferme et de leur mode de vie, du métier d&rsquo;agriculteur, de l&rsquo;agriculture biologique, de l&rsquo;origine et de la qualité de notre alimentation, du paysage agricole du pays des collines, de la transformation du lait et du blé, du maraîchage, du verger, &#8230;</span></span></p>
<p align="LEFT"><span style="font-family: Arial,sans-serif;"><span style="font-size: small;">Selon vos envies, vos objectifs, votre temps disponible et votre budget, différentes possibilités s&rsquo;offrent à vous :</span></span></p>
<ul>
<li>
<p align="LEFT"><span style="font-family: Arial,sans-serif;"><span style="font-size: small;">visite de l&rsquo;ensemble de la ferme avec dégustation de lait &#8211; 1h à 1h30</span></span></p>
</li>
<li>
<p align="LEFT"><span style="font-family: Arial,sans-serif;"><span style="font-size: small;">visite sensorielle avec soins aux animaux (nourrir les vaches laitières et les cochons, ramasser les œufs des poules, abreuver les lapins, &#8230;) et dégustation de lait &#8211; 2h</span></span></p>
</li>
<li>
<p align="LEFT"><span style="font-family: Arial,sans-serif;"><span style="font-size: small;">visite avec démonstration du cheminement et dégustation &#8211; 2h : du champ au produit laitier (beurre, fromage frais) ou de la graine à l&rsquo;assiette (pain)</span></span></p>
</li>
<li>
<p align="LEFT"><span style="font-family: Arial,sans-serif;"><span style="font-size: small;">atelier pratique en équipes de 4 à 5 enfants &#8211; 1h : fabrication de produits laitiers ou fabrication de pain ou de biscuits selon les horaires de l&rsquo;animation</span></span></p>
</li>
<li>
<p align="LEFT"><span style="font-family: Arial,sans-serif;"><span style="font-size: small;">animations thématiques à la demande : agriculture biologique paysanne en circuit court, maraîchage, plantes sauvages comestibles, verger, abeilles, &#8230;</span></span></p>
</li>
</ul>
<p><span style="font-family: Arial,sans-serif;"><span style="font-size: small;">2 € / participant / heure de visite ou d&rsquo;animation (min. 15 &#8211; max. 24 participants par groupe)<br />
</span></span></p>
<p><span style="font-family: Arial,sans-serif;"><span style="font-size: small;">30 € / heure d&rsquo;activité si le groupe compte moins de 15 participants<br />
</span></span></p>
<p><span style="font-family: Arial,sans-serif;"><span style="font-size: small;">8 € / participant / journée à la ferme (min. 15 &#8211; max. 24 participants par groupe) &#8211; 2 x 2h d&rsquo;activités</span></span></p>
<p align="LEFT"><span style="font-family: Arial,sans-serif;"><span style="font-size: small;">Nous avons la capacité d&rsquo;accueillir maximum 2 groupes simultanément (50 personnes)</span></span></p>
<p align="LEFT"><span style="font-family: Arial,sans-serif;"><span style="font-size: small;">Ce prix comprend l&rsquo;accueil et la prise en charge du groupe par une animatrice travaillant sur la ferme ou un animateur extérieur familiarisé avec la ferme ; la mise à disposition de sanitaires et d&rsquo;une grande salle pour le temps de pique-nique pour les groupes qui restent la journée, le matériel pédagogique et les produits de la ferme ou alimentaires pour les dégustations et ateliers.</span></span></p>
<p align="LEFT"><span style="font-family: Arial,sans-serif;"><span style="font-size: small;">A partir de 12 ans et pour un groupe de maximum 12 participants : participation active aux travaux de la ferme (visite ou animation en matinée d&rsquo;1h30 à 2h et chantier équivalent en temps l&rsquo;après-midi) &#8211; 30 €</span></span></p>
<p><span style="font-family: Arial,sans-serif;"><span style="font-size: small;">Nous sommes particulièrement exigeants sur l’accompagnement dynamique, intéressé, bienveillant et cadrant des enseignants ou accompagnateurs des groupes. </span></span></p>
<p><span style="font-family: Arial,sans-serif;"><span style="font-size: small;">Située dans le Pays des Collines, la ferme Dôrloû fonctionne en agriculture biologique depuis 1990. Ses exploitants, Freddy et Chantal Vander Donckt-Liagre, ont choisi de produire, transformer et proposer directement au consommateur le fruit de leur travail. La ferme élève des vaches, des cochons, des lapins, des poules, des canards, quelques moutons, &#8230; Il y a aussi des vergers et du maraîchage. Ces choix ont orienté la réaffectation des anciens bâtiments en un ensemble attrayant, source de communication avec le monde. La cour intérieure, telle une place de village, est entourée d&rsquo;une salle d&rsquo;accueil, d&rsquo;une boulangerie-pâtisserie, d&rsquo;une boucherie-charcuterie, d&rsquo;un magasin-épicerie, d&rsquo;un gîte à la ferme et du corps de logis. Un camping à la ferme et l&rsquo;accueil de groupes complètent les activités développées à la ferme. Nous vous souhaitons une agréable visite de notre site et espérons vous rencontrer un jour à la ferme! </span></span></p>
<p align="CENTER"><span style="font-family: Arial,sans-serif;"><span style="font-size: small;"><b>Informations et réservations</b></span></span></p>
<p align="CENTER"><span style="font-family: Arial,sans-serif;"><span style="font-size: small;"><b>068.44.83.06 &#8211; Chantal<br />
</b></span></span><span style="font-family: Arial,sans-serif;"><span style="font-size: small;"><b><a href="mailto:wodecq@fermedorlou.be">wodecq@fermedorlou.be</a></b></span></span></p>
<p align="CENTER"><strong><span style="font-family: Arial,sans-serif;"><span style="font-size: small;">Adresse : Vieux moulin 48, 7890 Wodecq</span></span></strong></p>
<p>&nbsp;</p>

<p>Accueil de groupes d&rsquo;enfants, d&rsquo;étudiants, d&rsquo;adultes &#8230; Vers une visite éducative à la ferme biologique La ferme accueille tous types de groupes &#8211; à partir de 3 ans &#8211; pour partir à la découverte des animaux de la ferme et de leur mode de vie, du métier d&rsquo;agriculteur, de l&rsquo;agriculture biologique, de l&rsquo;origine et de &hellip; <a href="http://www.fermedorlou.be/wp/?page_id=57" class="more-link">Continuer la lecture de <span class="screen-reader-text">Ferme pédagogique</span> <span class="meta-nav">&rarr;</span></a></p>
