{"id":59,"date":"2014-11-14T14:42:44","date_gmt":"2014-11-14T13:42:44","guid":{"rendered":"http:\/\/www.fermedorlou.be\/wp\/?page_id=59"},"modified":"2015-02-28T18:52:27","modified_gmt":"2015-02-28T17:52:27","slug":"stages-adultes","status":"publish","type":"page","link":"http:\/\/www.fermedorlou.be\/wp\/?page_id=59","title":{"rendered":"Stages &#8211; adultes"},"content":{"rendered":"<p>Compte-rendu d&rsquo;une semaine r\u00e9sidentielle \u00e0 la ferme du D\u00f4rl\u00f4u :<\/p>\n<div class=\"node\">\n<div class=\"content\">\n<p><a href=\"http:\/\/www.anneecitoyenneverviers.be\/news\/69\/45\/Semaine-residentielle-a-la-ferme-du-Dorlou\/\" target=\"_blank\">http:\/\/www.anneecitoyenneverviers.be\/news\/69\/45\/Semaine-residentielle-a-la-ferme-du-Dorlou\/<\/a><\/p>\n<\/div>\n<\/div>\n","protected":false},"excerpt":{"rendered":"<p>Compte-rendu d&rsquo;une semaine r\u00e9sidentielle \u00e0 la ferme du D\u00f4rl\u00f4u : http:\/\/www.anneecitoyenneverviers.be\/news\/69\/45\/Semaine-residentielle-a-la-ferme-du-Dorlou\/<\/p>\n","protected":false},"author":1,"featured_media":0,"parent":0,"menu_order":0,"comment_status":"closed","ping_status":"closed","template":"","meta":{"footnotes":""},"class_list":["post-59","page","type-page","status-publish","hentry"],"_links":{"self":[{"href":"http:\/\/www.fermedorlou.be\/wp\/index.php?rest_route=\/wp\/v2\/pages\/59","targetHints":{"allow":["GET"]}}],"collection":[{"href":"http:\/\/www.fermedorlou.be\/wp\/index.php?rest_route=\/wp\/v2\/pages"}],"about":[{"href":"http:\/\/www.fermedorlou.be\/wp\/index.php?rest_route=\/wp\/v2\/types\/page"}],"author":[{"embeddable":true,"href":"http:\/\/www.fermedorlou.be\/wp\/index.php?rest_route=\/wp\/v2\/users\/1"}],"replies":[{"embeddable":true,"href":"http:\/\/www.fermedorlou.be\/wp\/index.php?rest_route=%2Fwp%2Fv2%2Fcomments&post=59"}],"version-history":[{"count":3,"href":"http:\/\/www.fermedorlou.be\/wp\/index.php?rest_route=\/wp\/v2\/pages\/59\/revisions"}],"predecessor-version":[{"id":104,"href":"http:\/\/www.fermedorlou.be\/wp\/index.php?rest_route=\/wp\/v2\/pages\/59\/revisions\/104"}],"wp:attachment":[{"href":"http:\/\/www.fermedorlou.be\/wp\/index.php?rest_route=%2Fwp%2Fv2%2Fmedia&parent=59"}],"curies":[{"name":"wp","href":"https:\/\/api.w.org\/{rel}","templated":true}]}}

<p>Compte-rendu d&rsquo;une semaine résidentielle à la ferme du Dôrlôu :</p>
<div class="node">
<div class="content">
<p><a href="http://www.anneecitoyenneverviers.be/news/69/45/Semaine-residentielle-a-la-ferme-du-Dorlou/" target="_blank">http://www.anneecitoyenneverviers.be/news/69/45/Semaine-residentielle-a-la-ferme-du-Dorlou/</a></p>
</div>
</div>

<p>Compte-rendu d&rsquo;une semaine résidentielle à la ferme du Dôrlôu : http://www.anneecitoyenneverviers.be/news/69/45/Semaine-residentielle-a-la-ferme-du-Dorlou/</p>
