{"id":61,"date":"2014-11-14T14:43:42","date_gmt":"2014-11-14T13:43:42","guid":{"rendered":"http:\/\/www.fermedorlou.be\/wp\/?page_id=61"},"modified":"2020-01-30T16:49:39","modified_gmt":"2020-01-30T15:49:39","slug":"stages-pour-les-enfants","status":"publish","type":"page","link":"http:\/\/www.fermedorlou.be\/wp\/?page_id=61","title":{"rendered":"Stages pour les enfants"},"content":{"rendered":"<div id=\"pl-61\"  class=\"panel-layout\" ><div id=\"pg-61-0\"  class=\"panel-grid panel-no-style\" ><div id=\"pgc-61-0-0\"  class=\"panel-grid-cell\" ><div id=\"panel-61-0-0-0\" class=\"so-panel widget widget_black-studio-tinymce widget_black_studio_tinymce panel-first-child panel-last-child\" data-index=\"0\" ><div class=\"textwidget\"><div><\/div>\n<p><strong>Stages de d\u00e9couverte de la ferme - Ann\u00e9e 2020<\/strong><br \/>\nPour les enfants de 3 \u00e0 6 ans<\/p>\n<div><strong>Vacances de Printemps - avril 2020<\/strong><\/div>\n<div><\/div>\n<div>Du 06 au 08 avril \u00a0\u2013 55 \u20ac<\/div>\n<div><\/div>\n<p><strong>Pour les 3 \u00e0 6 ans<\/strong> : d\u00e9couverte de la ferme (animaux, produits, travaux...) et activit\u00e9s cr\u00e9atives, sensorielles et motrices (utilisation des produits de la ferme, promenades, chansons, bricolages, jeux psychomoteurs...).<\/p>\n<ul>\n<li><strong>Horaire : de 10h \u00e0 16h<\/strong> (possibilit\u00e9 d'accueil d\u00e8s 9h et jusque 17h pour les parents qui en font la demande \u00e0 l'inscription)<\/li>\n<\/ul>\n<p><strong>Pr\u00e9voir des v\u00eatements qui peuvent \u00eatre salis et adapt\u00e9s \u00e0 la m\u00e9t\u00e9o, des bottes,\u00a0 ainsi qu' <\/strong><strong>une collation, de l'eau\u00a0et un pique-nique.<\/strong><\/p>\n<p><strong>Infos et r\u00e9servation<\/strong> : 068.44.83.06 (Chantal) ou <a href=\"mailto:wodecq@fermedorlou.be\">wodecq@fermedorlou.be<\/a><\/p>\n<div class=\"node\">\n<p><a href=\"http:\/\/www.fermedorlou.be\/wp\/wp-content\/uploads\/2014\/11\/enfants_posent_avec_fierte_devant_le_tracteur.jpg\"><img loading=\"lazy\" decoding=\"async\" class=\"alignnone wp-image-91 size-full\" src=\"http:\/\/www.fermedorlou.be\/wp\/wp-content\/uploads\/2014\/11\/enfants_posent_avec_fierte_devant_le_tracteur.jpg\" alt=\"Les enfants posent avec fierte devant le tracteur\" width=\"640\" height=\"433\" srcset=\"http:\/\/www.fermedorlou.be\/wp\/wp-content\/uploads\/2014\/11\/enfants_posent_avec_fierte_devant_le_tracteur.jpg 640w, http:\/\/www.fermedorlou.be\/wp\/wp-content\/uploads\/2014\/11\/enfants_posent_avec_fierte_devant_le_tracteur-300x203.jpg 300w, http:\/\/www.fermedorlou.be\/wp\/wp-content\/uploads\/2014\/11\/enfants_posent_avec_fierte_devant_le_tracteur-600x406.jpg 600w\" sizes=\"auto, (max-width: 640px) 100vw, 640px\" \/><\/a><\/div>\n<\/div><\/div><\/div><\/div><\/div>","protected":false},"excerpt":{"rendered":"<p>Stages de d\u00e9couverte de la ferme &#8211; Ann\u00e9e 2020 Pour les enfants de 3 \u00e0 6 ans Vacances de Printemps &#8211; avril 2020 Du 06 au 08 avril \u00a0\u2013 55 \u20ac Pour les 3 \u00e0 6 ans : d\u00e9couverte de la ferme (animaux, produits, travaux&#8230;) et activit\u00e9s cr\u00e9atives, sensorielles et motrices (utilisation des produits de &hellip; <a href=\"http:\/\/www.fermedorlou.be\/wp\/?page_id=61\" class=\"more-link\">Continuer la lecture de <span class=\"screen-reader-text\">Stages pour les enfants<\/span> <span class=\"meta-nav\">&rarr;<\/span><\/a><\/p>\n","protected":false},"author":74125,"featured_media":0,"parent":0,"menu_order":0,"comment_status":"closed","ping_status":"closed","template":"","meta":{"footnotes":""},"class_list":["post-61","page","type-page","status-publish","hentry"],"_links":{"self":[{"href":"http:\/\/www.fermedorlou.be\/wp\/index.php?rest_route=\/wp\/v2\/pages\/61","targetHints":{"allow":["GET"]}}],"collection":[{"href":"http:\/\/www.fermedorlou.be\/wp\/index.php?rest_route=\/wp\/v2\/pages"}],"about":[{"href":"http:\/\/www.fermedorlou.be\/wp\/index.php?rest_route=\/wp\/v2\/types\/page"}],"author":[{"embeddable":true,"href":"http:\/\/www.fermedorlou.be\/wp\/index.php?rest_route=\/wp\/v2\/users\/74125"}],"replies":[{"embeddable":true,"href":"http:\/\/www.fermedorlou.be\/wp\/index.php?rest_route=%2Fwp%2Fv2%2Fcomments&post=61"}],"version-history":[{"count":17,"href":"http:\/\/www.fermedorlou.be\/wp\/index.php?rest_route=\/wp\/v2\/pages\/61\/revisions"}],"predecessor-version":[{"id":430,"href":"http:\/\/www.fermedorlou.be\/wp\/index.php?rest_route=\/wp\/v2\/pages\/61\/revisions\/430"}],"wp:attachment":[{"href":"http:\/\/www.fermedorlou.be\/wp\/index.php?rest_route=%2Fwp%2Fv2%2Fmedia&parent=61"}],"curies":[{"name":"wp","href":"https:\/\/api.w.org\/{rel}","templated":true}]}}

<div id="pl-61"  class="panel-layout" ><div id="pg-61-0"  class="panel-grid panel-no-style" ><div id="pgc-61-0-0"  class="panel-grid-cell" ><div id="panel-61-0-0-0" class="so-panel widget widget_black-studio-tinymce widget_black_studio_tinymce panel-first-child panel-last-child" data-index="0" ><div class="textwidget"><div></div>
<p><strong>Stages de découverte de la ferme - Année 2020</strong><br />
Pour les enfants de 3 à 6 ans</p>
<div><strong>Vacances de Printemps - avril 2020</strong></div>
<div></div>
<div>Du 06 au 08 avril  – 55 €</div>
<div></div>
<p><strong>Pour les 3 à 6 ans</strong> : découverte de la ferme (animaux, produits, travaux...) et activités créatives, sensorielles et motrices (utilisation des produits de la ferme, promenades, chansons, bricolages, jeux psychomoteurs...).</p>
<ul>
<li><strong>Horaire : de 10h à 16h</strong> (possibilité d'accueil dès 9h et jusque 17h pour les parents qui en font la demande à l'inscription)</li>
</ul>
<p><strong>Prévoir des vêtements qui peuvent être salis et adaptés à la météo, des bottes,  ainsi qu' </strong><strong>une collation, de l'eau et un pique-nique.</strong></p>
<p><strong>Infos et réservation</strong> : 068.44.83.06 (Chantal) ou <a href="mailto:wodecq@fermedorlou.be">wodecq@fermedorlou.be</a></p>
<div class="node">
<p><a href="http://www.fermedorlou.be/wp/wp-content/uploads/2014/11/enfants_posent_avec_fierte_devant_le_tracteur.jpg"><img loading="lazy" decoding="async" class="alignnone wp-image-91 size-full" src="http://www.fermedorlou.be/wp/wp-content/uploads/2014/11/enfants_posent_avec_fierte_devant_le_tracteur.jpg" alt="Les enfants posent avec fierte devant le tracteur" width="640" height="433" srcset="http://www.fermedorlou.be/wp/wp-content/uploads/2014/11/enfants_posent_avec_fierte_devant_le_tracteur.jpg 640w, http://www.fermedorlou.be/wp/wp-content/uploads/2014/11/enfants_posent_avec_fierte_devant_le_tracteur-300x203.jpg 300w, http://www.fermedorlou.be/wp/wp-content/uploads/2014/11/enfants_posent_avec_fierte_devant_le_tracteur-600x406.jpg 600w" sizes="auto, (max-width: 640px) 100vw, 640px" /></a></div>
</div></div></div></div></div>

<p>Stages de découverte de la ferme &#8211; Année 2020 Pour les enfants de 3 à 6 ans Vacances de Printemps &#8211; avril 2020 Du 06 au 08 avril  – 55 € Pour les 3 à 6 ans : découverte de la ferme (animaux, produits, travaux&#8230;) et activités créatives, sensorielles et motrices (utilisation des produits de &hellip; <a href="http://www.fermedorlou.be/wp/?page_id=61" class="more-link">Continuer la lecture de <span class="screen-reader-text">Stages pour les enfants</span> <span class="meta-nav">&rarr;</span></a></p>
