{"id":8,"date":"2014-10-13T13:14:16","date_gmt":"2014-10-13T12:14:16","guid":{"rendered":"http:\/\/www.fermedorlou.be\/wp\/?page_id=8"},"modified":"2016-11-23T10:52:20","modified_gmt":"2016-11-23T09:52:20","slug":"bienvenue-sur-le-nouveau-site-de-la-ferme-dorlou-ferme-biologique-a-wodecq-en-belgique","status":"publish","type":"page","link":"http:\/\/www.fermedorlou.be\/wp\/?page_id=8","title":{"rendered":"La Ferme D\u00f4rlo\u00fb"},"content":{"rendered":"<p>Bienvenue sur le site de la Ferme D\u00f4rlo\u00fb, ferme biologique \u00e0 Wodecq en Belgique<\/p>\n<p>Situ\u00e9e dans le Pays des Collines, la ferme D\u00f4rlo\u00fb fonctionne en agriculture biologique depuis 1990. Ses exploitants, Freddy et Chantal Vander Donckt-Liagre, ont choisi de produire, transformer et proposer directement au consomateur le fruit de leur travail.<\/p>\n<p>Ces choix ont orient\u00e9 la r\u00e9affection des anciens b\u00e2timents en un ensemble attrayant, source de communication avec le monde. La cour int\u00e9rieure, telle une place de village, est entour\u00e9e d&rsquo;une salle d&rsquo;accueil, d&rsquo;une boulangerie-p\u00e2tisserie, d&rsquo;une boucherie-charcuterie, d&rsquo;un magasin-\u00e9picerie, d&rsquo;un g\u00eete \u00e0 la ferme et du corps de logis.<\/p>\n<p>Un camping \u00e0 la ferme et l&rsquo;accueil de groupes compl\u00e8tent les activit\u00e9s d\u00e9velopp\u00e9es \u00e0 la ferme.<\/p>\n<p>Nous vous souhaitons une agr\u00e9able visite de notre site et esp\u00e9rons vous rencontrer un jour \u00e0 la ferme!<\/p>\n<p>L&rsquo;\u00e9quipe D\u00f4rlo\u00fb<\/p>\n<p><em>D\u00e9veloppons ensemble une agriculture respectueuse de l&rsquo;Homme, du milieu de vie, de la Terre \u00a0<\/em><\/p>\n<p><a href=\"http:\/\/www.fermedorlou.be\/wp\/wp-content\/uploads\/2014\/10\/1.jpg\"><img loading=\"lazy\" decoding=\"async\" class=\"alignnone size-full wp-image-95\" src=\"http:\/\/www.fermedorlou.be\/wp\/wp-content\/uploads\/2014\/10\/1.jpg\" alt=\"1\" width=\"640\" height=\"480\" srcset=\"http:\/\/www.fermedorlou.be\/wp\/wp-content\/uploads\/2014\/10\/1.jpg 640w, http:\/\/www.fermedorlou.be\/wp\/wp-content\/uploads\/2014\/10\/1-300x225.jpg 300w, http:\/\/www.fermedorlou.be\/wp\/wp-content\/uploads\/2014\/10\/1-600x450.jpg 600w\" sizes=\"auto, (max-width: 640px) 100vw, 640px\" \/><\/a><\/p>\n","protected":false},"excerpt":{"rendered":"<p>Bienvenue sur le site de la Ferme D\u00f4rlo\u00fb, ferme biologique \u00e0 Wodecq en Belgique Situ\u00e9e dans le Pays des Collines, la ferme D\u00f4rlo\u00fb fonctionne en agriculture biologique depuis 1990. Ses exploitants, Freddy et Chantal Vander Donckt-Liagre, ont choisi de produire, transformer et proposer directement au consomateur le fruit de leur travail. Ces choix ont orient\u00e9 &hellip; <a href=\"http:\/\/www.fermedorlou.be\/wp\/?page_id=8\" class=\"more-link\">Continuer la lecture de <span class=\"screen-reader-text\">La Ferme D\u00f4rlo\u00fb<\/span> <span class=\"meta-nav\">&rarr;<\/span><\/a><\/p>\n","protected":false},"author":1,"featured_media":0,"parent":0,"menu_order":0,"comment_status":"closed","ping_status":"closed","template":"","meta":{"footnotes":""},"class_list":["post-8","page","type-page","status-publish","hentry"],"_links":{"self":[{"href":"http:\/\/www.fermedorlou.be\/wp\/index.php?rest_route=\/wp\/v2\/pages\/8","targetHints":{"allow":["GET"]}}],"collection":[{"href":"http:\/\/www.fermedorlou.be\/wp\/index.php?rest_route=\/wp\/v2\/pages"}],"about":[{"href":"http:\/\/www.fermedorlou.be\/wp\/index.php?rest_route=\/wp\/v2\/types\/page"}],"author":[{"embeddable":true,"href":"http:\/\/www.fermedorlou.be\/wp\/index.php?rest_route=\/wp\/v2\/users\/1"}],"replies":[{"embeddable":true,"href":"http:\/\/www.fermedorlou.be\/wp\/index.php?rest_route=%2Fwp%2Fv2%2Fcomments&post=8"}],"version-history":[{"count":19,"href":"http:\/\/www.fermedorlou.be\/wp\/index.php?rest_route=\/wp\/v2\/pages\/8\/revisions"}],"predecessor-version":[{"id":257,"href":"http:\/\/www.fermedorlou.be\/wp\/index.php?rest_route=\/wp\/v2\/pages\/8\/revisions\/257"}],"wp:attachment":[{"href":"http:\/\/www.fermedorlou.be\/wp\/index.php?rest_route=%2Fwp%2Fv2%2Fmedia&parent=8"}],"curies":[{"name":"wp","href":"https:\/\/api.w.org\/{rel}","templated":true}]}}

La Ferme Dôrloû

<p>Bienvenue sur le site de la Ferme Dôrloû, ferme biologique à Wodecq en Belgique</p>
<p>Située dans le Pays des Collines, la ferme Dôrloû fonctionne en agriculture biologique depuis 1990. Ses exploitants, Freddy et Chantal Vander Donckt-Liagre, ont choisi de produire, transformer et proposer directement au consomateur le fruit de leur travail.</p>
<p>Ces choix ont orienté la réaffection des anciens bâtiments en un ensemble attrayant, source de communication avec le monde. La cour intérieure, telle une place de village, est entourée d&rsquo;une salle d&rsquo;accueil, d&rsquo;une boulangerie-pâtisserie, d&rsquo;une boucherie-charcuterie, d&rsquo;un magasin-épicerie, d&rsquo;un gîte à la ferme et du corps de logis.</p>
<p>Un camping à la ferme et l&rsquo;accueil de groupes complètent les activités développées à la ferme.</p>
<p>Nous vous souhaitons une agréable visite de notre site et espérons vous rencontrer un jour à la ferme!</p>
<p>L&rsquo;équipe Dôrloû</p>
<p><em>Développons ensemble une agriculture respectueuse de l&rsquo;Homme, du milieu de vie, de la Terre  </em></p>
<p><a href="http://www.fermedorlou.be/wp/wp-content/uploads/2014/10/1.jpg"><img loading="lazy" decoding="async" class="alignnone size-full wp-image-95" src="http://www.fermedorlou.be/wp/wp-content/uploads/2014/10/1.jpg" alt="1" width="640" height="480" srcset="http://www.fermedorlou.be/wp/wp-content/uploads/2014/10/1.jpg 640w, http://www.fermedorlou.be/wp/wp-content/uploads/2014/10/1-300x225.jpg 300w, http://www.fermedorlou.be/wp/wp-content/uploads/2014/10/1-600x450.jpg 600w" sizes="auto, (max-width: 640px) 100vw, 640px" /></a></p>

<p>Bienvenue sur le site de la Ferme Dôrloû, ferme biologique à Wodecq en Belgique Située dans le Pays des Collines, la ferme Dôrloû fonctionne en agriculture biologique depuis 1990. Ses exploitants, Freddy et Chantal Vander Donckt-Liagre, ont choisi de produire, transformer et proposer directement au consomateur le fruit de leur travail. Ces choix ont orienté &hellip; <a href="http://www.fermedorlou.be/wp/?page_id=8" class="more-link">Continuer la lecture de <span class="screen-reader-text">La Ferme Dôrloû</span> <span class="meta-nav">&rarr;</span></a></p>
